 divide 237281724?
True
Is 255251994 a multiple of 6?
True
Is 967044 a multiple of 68?
False
Is 616317396 a multiple of 44?
False
Is 99769048 a multiple of 139?
False
Is 303 a factor of 933435132?
True
Does 884 divide 112919388?
False
Is 1003926 a multiple of 7?
True
Does 26 divide 34532056?
True
Is 20042848 a multiple of 30?
False
Is 230367844 a multiple of 10?
False
Is 41054715 a multiple of 447?
True
Does 15 divide 302345132?
False
Does 31 divide 2975464323?
False
Does 62 divide 277219671?
False
Is 25 a factor of 350570125?
True
Is 284 a factor of 485012728?
False
Is 10913472 a multiple of 1350?
False
Does 232 divide 1678520?
True
Is 1210 a factor of 30392780?
True
Is 6 a factor of 125362316?
False
Does 806 divide 157520610?
True
Is 7 a factor of 66320975?
True
Is 337399756 a multiple of 93?
False
Does 135 divide 190200420?
True
Is 1248814740 a multiple of 146?
False
Is 15 a factor of 52529474?
False
Is 2060807434 a multiple of 2530?
False
Does 21 divide 31504872?
True
Is 1151 a factor of 156301035?
False
Is 791101608 a multiple of 182?
False
Is 2635720 a multiple of 10?
True
Is 2778919 even?
False
Does 566 divide 130651255?
False
Is 47018232 a multiple of 12?
True
Is 944 a factor of 40819655?
False
Does 799 divide 1205455024?
False
Is 567 a factor of 21731976?
True
Does 178 divide 9883961?
False
Is 185031647 a multiple of 523?
True
Does 23 divide 235201526?
False
Does 238 divide 630799008?
True
Is 20 a factor of 24985180?
True
Does 49 divide 4028192?
True
Is 5 a factor of 128806?
False
Is 186 a factor of 4290143382?
True
Is 2024 a factor of 19313008?
True
Does 24 divide 2546184?
True
Does 6 divide 1150104?
True
Is 103132727 a multiple of 279?
False
Is 888 a factor of 5803968?
True
Does 564 divide 223994660?
False
Is 51707046 a multiple of 3378?
True
Does 3714 divide 540966384?
True
Does 266 divide 336342104?
True
Is 151918748 a multiple of 67?
True
Is 2006204 a multiple of 724?
True
Is 2 a factor of 218557?
False
Is 177856 a multiple of 7?
True
Is 324 a factor of 90225493?
False
Is 109 a factor of 42839180?
True
Does 4278 divide 4699745198?
False
Is 42181736 a multiple of 35?
False
Is 33026832 a multiple of 1424?
True
Is 4 a factor of 1119452?
True
Is 82 a factor of 112053877?
False
Does 75 divide 294151604?
False
Is 44226300 a multiple of 50?
True
Is 188 a factor of 841485737?
False
Is 10656780 a multiple of 4?
True
Is 7 a factor of 120613682?
True
Does 18 divide 98704000?
False
Is 146335462 a multiple of 2989?
True
Is 375497195 a multiple of 6?
False
Does 19 divide 1895121389?
True
Does 193 divide 44225571?
False
Does 174 divide 470199767?
False
Does 478 divide 284330390?
False
Is 14605571 a multiple of 10?
False
Does 16 divide 1404208?
True
Is 42 a factor of 91726572?
True
Does 2859 divide 290868100?
False
Does 27 divide 293678955?
False
Does 12 divide 1077132132?
True
Is 2 a factor of 32439043?
False
Is 590 a factor of 13222398?
False
Is 3640 a factor of 34066264?
False
Is 770 a factor of 56241570?
True
Does 1877 divide 15841880?
True
Is 5 a factor of 11474178?
False
Is 42383040 a multiple of 68?
True
Is 114204754 a multiple of 194?
False
Is 13 a factor of 4398706?
True
Is 250945166 a multiple of 523?
False
Is 13445113 a multiple of 17?
True
Is 68209128 a multiple of 69?
False
Is 893 a factor of 3952860928?
True
Is 239601486 a multiple of 719?
False
Is 251 a factor of 494470?
True
Is 266 a factor of 277780874?
True
Does 138 divide 18584736?
True
Does 2574 divide 363677886?
True
Does 26 divide 9737416?
True
Is 13859961 a multiple of 23?
True
Is 345414735 a multiple of 42?
False
Does 1184 divide 205067594?
False
Is 2518728510 a multiple of 1682?
False
Is 476 a factor of 28555395?
False
Is 91835590 a multiple of 11?
True
Is 534852626 a multiple of 506?
True
Is 1424 a factor of 1194247578?
False
Does 401 divide 56945208?
True
Does 26 divide 21080878?
True
Does 2074 divide 53585938?
True
Is 252 a factor of 9184552?
False
Is 117835536 a multiple of 16?
True
Does 40 divide 24405330?
False
Is 687369364 a multiple of 68?
True
Is 33 a factor of 19503991?
False
Is 242 a factor of 599089506?
False
Is 35 a factor of 98702169?
False
Is 10 a factor of 799150388?
False
Is 70272829 a multiple of 11?
True
Does 12 divide 245368749?
False
Is 197120100 a multiple of 1750?
False
Is 9 a factor of 103835294?
False
Does 971 divide 227591298?
False
Does 67 divide 453951174?
False
Is 508 a factor of 1403773268?
False
Is 21 a factor of 46868619?
True
Is 53794152 a multiple of 8?
True
Is 78091506 a multiple of 51?
True
Is 114 a factor of 12893038?
False
Is 97135987 a multiple of 82?
False
Is 39 a factor of 60008364?
True
Does 129 divide 173309630?
False
Is 1542 a factor of 55736861?
False
Does 152 divide 310168974?
False
Is 9 a factor of 863917533?
True
Is 2 a factor of 8925781?
False
Does 1916 divide 224892521?
False
Does 129 divide 18738024?
True
Is 10554372 a multiple of 3?
True
Is 317940268 a multiple of 3391?
False
Is 1929 a factor of 907125753?
True
Is 4009293036 a multiple of 1491?
True
Does 69 divide 6671213?
False
Is 29855172 a multiple of 829?
False
Does 2160 divide 2239265520?
True
Is 58687923 a multiple of 137?
True
Is 16 a factor of 4047227920?
True
Is 175642912 a multiple of 136?
True
Is 37352178 a multiple of 9?
True
Is 55115463 a multiple of 425?
False
Is 72 a factor of 93883104?
True
Is 649 a factor of 105007551?
True
Is 2417 a factor of 550674778?
True
Is 71232323 a multiple of 950?
False
Is 28 a factor of 28220332?
True
Is 392 a factor of 36001280?
True
Is 409 a factor of 10356682?
False
Is 121 a factor of 60538948?
False
Is 93 a factor of 580743556?
False
Is 11 a factor of 604420203?
False
Does 22 divide 818974442?
True
Is 12976764 a multiple of 16?
False
Does 169 divide 76542344?
False
Does 106 divide 15684612?
False
Is 23 a factor of 118081287?
True
Is 28 a factor of 2251001928?
True
Is 446590470 a multiple of 3963?
True
Is 445 a factor of 12492040?
True
Is 46328483 a multiple of 213?
False
Is 190548328 a multiple of 90?
False
Is 314 a factor of 1277486187?
False
Does 22 divide 389975542?
True
Is 12 a factor of 1068818990?
False
Is 173 a factor of 707454667?
False
Does 87 divide 3642364?
False
Is 193269531 a multiple of 13?
True
Is 15 a factor of 37724213?
False
Is 36 a factor of 2736864?
True
Is 15 a factor of 2251800?
True
Is 321 a factor of 25708248?
True
Does 27 divide 151552890?
True
Is 11 a factor of 2563736967?
True
Is 79392247 a multiple of 1793?
True
Is 5 a factor of 11508378?
False
Does 236 divide 16692752?
True
Does 86 divide 247191405?
False
Does 10 divide 71182396?
False
Does 1177 divide 207448604?
True
Is 7 a factor of 24179228?
False
Is 818336 a multiple of 107?
True
Is 313 a factor of 62702664?
True
Is 19978993 a multiple of 1231?
False
Does 29 divide 2471200107?
False
Is 312 a factor of 83191836?
False
Does 89 divide 1500622?
False
Is 26 a factor of 105978342?
False
Is 8 a factor of 31777962?
False
Is 120 a factor of 219431760?
True
Is 24 a factor of 406101622?
False
Is 751 a factor of 54695330?
True
Is 31387020 a multiple of 140?
True
Is 6219295 a multiple of 49?
False
Is 6 a factor of 45968130?
True
Is 17 a factor of 41635905?
False
Does 104 divide 14988513?
False
Is 27060605 a multiple of 5?
True
Is 944466048 a multiple of 16?
True
Is 5 a factor of 239997810?
True
Does 145 divide 66557143?
False
Is 19 a factor of 292527458?
True
Is 473963728 a multiple of 97?
True
Does 53 divide 7779801?
False
Does 143 divide 6256165?
False
Is 802 a factor of 56993402?
False
Is 27 a factor of 683226360?
True
Is 125 a factor of 713592125?
True
Does 1812 divide 804430080?
False
Does 34 divide 41471364?
True
Is 194444159 a multiple of 4087?
False
Is 2256 a factor of 26625312?
True
Does 16 divide 870243065?
False
Is 220 a factor of 7584500?
True
Is 28843498 a multiple of 953?
True
Does 2091 divide 68450976?
True
Is 31257184 a multiple of 28?
True
Does 1752 divide 957666657?
False
Is 100721377 a multiple of 41?
False
Is 40186168 a multiple of 31?
True
Is 482 a factor of 1964274838?
True
Does 25 divide 363196725?
True
Is 309684927 a multiple of 47?
True
Is 8526 a factor of 228223968?
True
Is 488 a factor of 652097808?
True
Is 260926237 a multiple of 13?
True
Does 29 divide 64027420?
False
Does 3121 divide 216725361?
True
Is 104 a factor of 